{"id":2325,"date":"2025-11-02T05:03:27","date_gmt":"2025-11-01T22:03:27","guid":{"rendered":"https:\/\/thanhmochn.vn\/?p=2325"},"modified":"2026-03-24T19:15:16","modified_gmt":"2026-03-24T12:15:16","slug":"manh-tien-go-vuong-cong-r150","status":"publish","type":"product","link":"https:\/\/thanhmochn.vn\/?product=manh-tien-go-vuong-cong-r150","title":{"rendered":"M\u1ea3nh Ti\u1ec7n G\u1ed7 Vu\u00f4ng Cong R150"},"content":{"rendered":"<p data-start=\"192\" data-end=\"273\">\ud83d\udd27 <strong data-start=\"195\" data-end=\"271\">M\u1ea3nh Ti\u1ec7n G\u1ed7 Vu\u00f4ng Cong R150 \u2013 S\u1eafc B\u00e9n, M\u1ecbn \u0110\u1eb9p, Chuy\u00ean D\u1ee5ng Gia C\u00f4ng G\u1ed7<\/strong><\/p>\n<p data-start=\"275\" data-end=\"571\">\ud83e\ude9a <strong data-start=\"278\" data-end=\"302\">Gi\u1edbi Thi\u1ec7u S\u1ea3n Ph\u1ea9m:<\/strong><br data-start=\"302\" data-end=\"305\" \/>M\u1ea3nh Ti\u1ec7n G\u1ed7 Vu\u00f4ng Cong R150 L\u00e0 L\u1ef1a Ch\u1ecdn L\u00fd T\u01b0\u1edfng Cho C\u00e1c C\u00f4ng Vi\u1ec7c Ti\u1ec7n B\u1ec1 M\u1eb7t Cong, L\u01b0\u1ee3n, L\u00f5m Ho\u1eb7c Bo Tr\u00f2n C\u1ea1nh G\u1ed7.<br data-start=\"422\" data-end=\"425\" \/>V\u1edbi B\u00e1n K\u00ednh Cong R150 V\u00e0 V\u1eadt Li\u1ec7u H\u1ee3p Kim Si\u00eau C\u1ee9ng, S\u1ea3n Ph\u1ea9m Gi\u00fap T\u1ea1o Ra \u0110\u01b0\u1eddng C\u1eaft M\u01b0\u1ee3t, \u0110\u1ec1u, S\u1eafc N\u00e9t, Mang L\u1ea1i B\u1ec1 M\u1eb7t G\u1ed7 B\u00f3ng V\u00e0 M\u1ecbn Cao C\u1ea5p.<\/p>\n<hr data-start=\"573\" data-end=\"615\" \/>\n<p data-start=\"617\" data-end=\"830\">\u2705 <strong data-start=\"619\" data-end=\"641\">Th\u00f4ng S\u1ed1 K\u1ef9 Thu\u1eadt:<\/strong><br data-start=\"641\" data-end=\"644\" \/>\u2022 K\u00edch Th\u01b0\u1edbc: 15 \u00d7 15 Mm<br data-start=\"668\" data-end=\"671\" \/>\u2022 \u0110\u1ed9 D\u00e0y: 2.5 Mm<br data-start=\"687\" data-end=\"690\" \/>\u2022 H\u00ecnh D\u1ea1ng: Vu\u00f4ng Cong \u2013 B\u00e1n K\u00ednh R150<br data-start=\"729\" data-end=\"732\" \/>\u2022 Ch\u1ea5t Li\u1ec7u: Th\u00e9p H\u1ee3p Kim \/ Tungsten Carbide<br data-start=\"776\" data-end=\"779\" \/>\u2022 T\u00ednh N\u0103ng: C\u1eaft M\u1ecbn \u2013 B\u1ec1n \u2013 Ch\u1ecbu Nhi\u1ec7t \u2013 S\u1eafc B\u00e9n<\/p>\n<hr data-start=\"832\" data-end=\"874\" \/>\n<p data-start=\"876\" data-end=\"1094\">\ud83e\udeb5 <strong data-start=\"879\" data-end=\"892\">\u1ee8ng D\u1ee5ng:<\/strong><br data-start=\"892\" data-end=\"895\" \/>\u2022 D\u00f9ng Cho M\u1ecdi Lo\u1ea1i G\u1ed7: G\u1ed7 T\u1ef1 Nhi\u00ean, C\u00f4ng Nghi\u1ec7p, G\u1ed7 C\u1ee9ng V\u00e0 G\u1ed7 M\u1ec1m.<br data-start=\"963\" data-end=\"966\" \/>\u2022 Ph\u00f9 H\u1ee3p Ti\u1ec7n B\u1ec1 M\u1eb7t Cong, L\u00f5m, Bo Tr\u00f2n Ho\u1eb7c Chi Ti\u1ebft M\u1ef9 Ngh\u1ec7 Tinh X\u1ea3o.<br data-start=\"1038\" data-end=\"1041\" \/>\u2022 S\u1eed D\u1ee5ng V\u1edbi C\u00e1n Ti\u1ec7n G\u1ed7 G\u1eafn M\u1ea3nh 15\u00d715mm (\u1ed0c M6).<\/p>\n<hr data-start=\"1096\" data-end=\"1138\" \/>\n<p data-start=\"1140\" data-end=\"1358\">\ud83c\udf1f <strong data-start=\"1143\" data-end=\"1163\">\u01afu \u0110i\u1ec3m N\u1ed5i B\u1eadt:<\/strong><br data-start=\"1163\" data-end=\"1166\" \/>\u2022 \u0110\u01b0\u1eddng C\u1eaft M\u1ecbn \u2013 Kh\u00f4ng R\u00e1ch G\u1ed7 \u2013 Ho\u00e0n Thi\u1ec7n \u0110\u1eb9p.<br data-start=\"1215\" data-end=\"1218\" \/>\u2022 S\u1eafc B\u00e9n, \u00cdt M\u1ebb, Tu\u1ed5i Th\u1ecd Cao.<br data-start=\"1249\" data-end=\"1252\" \/>\u2022 D\u00f9ng T\u1ed1t Cho C\u1ea3 Ti\u1ec7n Th\u00f4 V\u00e0 Ti\u1ec7n Tinh.<br data-start=\"1292\" data-end=\"1295\" \/>\u2022 L\u00fd T\u01b0\u1edfng Cho X\u01b0\u1edfng M\u1ed9c, Ti\u1ec7n CNC Mini, \u0110\u1ed3 G\u1ed7 M\u1ef9 Ngh\u1ec7 &amp; DIY.<\/p>\n<hr data-start=\"1360\" data-end=\"1402\" \/>\n<p data-start=\"1404\" data-end=\"1493\"><strong data-start=\"1404\" data-end=\"1435\">Th\u00e0nh M\u1ed9c HN \u2013 0865 551 688<\/strong><br data-start=\"1435\" data-end=\"1438\" \/><strong data-start=\"1438\" data-end=\"1493\">Uy T\u00edn \u2013 Ch\u1ea5t L\u01b0\u1ee3ng \u2013 S\u1ea3n Ph\u1ea9m T\u1ea1o N\u00ean Th\u01b0\u01a1ng Hi\u1ec7u!<\/strong><\/p>\n","protected":false},"excerpt":{"rendered":"<p data-start=\"275\" data-end=\"571\">\ud83e\ude9a <strong data-start=\"278\" data-end=\"302\">Gi\u1edbi Thi\u1ec7u S\u1ea3n Ph\u1ea9m:<\/strong><br data-start=\"302\" data-end=\"305\" \/>M\u1ea3nh Ti\u1ec7n G\u1ed7 Vu\u00f4ng Cong R150 L\u00e0 L\u1ef1a Ch\u1ecdn L\u00fd T\u01b0\u1edfng Cho C\u00e1c C\u00f4ng Vi\u1ec7c Ti\u1ec7n B\u1ec1 M\u1eb7t Cong, L\u01b0\u1ee3n, L\u00f5m Ho\u1eb7c Bo Tr\u00f2n C\u1ea1nh G\u1ed7.<br data-start=\"422\" data-end=\"425\" \/>V\u1edbi B\u00e1n K\u00ednh Cong R150 V\u00e0 V\u1eadt Li\u1ec7u H\u1ee3p Kim Si\u00eau C\u1ee9ng, S\u1ea3n Ph\u1ea9m Gi\u00fap T\u1ea1o Ra \u0110\u01b0\u1eddng C\u1eaft M\u01b0\u1ee3t, \u0110\u1ec1u, S\u1eafc N\u00e9t, Mang L\u1ea1i B\u1ec1 M\u1eb7t G\u1ed7 B\u00f3ng V\u00e0 M\u1ecbn Cao C\u1ea5p.<\/p>\n<hr data-start=\"573\" data-end=\"615\" \/>\n<p data-start=\"617\" data-end=\"830\">\u2705 <strong data-start=\"619\" data-end=\"641\">Th\u00f4ng S\u1ed1 K\u1ef9 Thu\u1eadt:<\/strong><br data-start=\"641\" data-end=\"644\" \/>\u2022 K\u00edch Th\u01b0\u1edbc: 15 \u00d7 15 Mm<br data-start=\"668\" data-end=\"671\" \/>\u2022 \u0110\u1ed9 D\u00e0y: 2.5 Mm<br data-start=\"687\" data-end=\"690\" \/>\u2022 H\u00ecnh D\u1ea1ng: Vu\u00f4ng Cong \u2013 B\u00e1n K\u00ednh R150<br data-start=\"729\" data-end=\"732\" \/>\u2022 Ch\u1ea5t Li\u1ec7u: Th\u00e9p H\u1ee3p Kim \/ Tungsten Carbide<br data-start=\"776\" data-end=\"779\" \/>\u2022 T\u00ednh N\u0103ng: C\u1eaft M\u1ecbn \u2013 B\u1ec1n \u2013 Ch\u1ecbu Nhi\u1ec7t \u2013 S\u1eafc B\u00e9n<\/p>\n","protected":false},"featured_media":2391,"comment_status":"closed","ping_status":"closed","template":"","meta":{"_acf_changed":false},"product_brand":[],"product_cat":[86],"product_tag":[],"class_list":{"0":"post-2325","1":"product","2":"type-product","3":"status-publish","4":"has-post-thumbnail","6":"product_cat-phu-kien-may-go","8":"first","9":"instock","10":"shipping-taxable","11":"purchasable","12":"product-type-simple"},"acf":[],"_links":{"self":[{"href":"https:\/\/thanhmochn.vn\/index.php?rest_route=\/wp\/v2\/product\/2325","targetHints":{"allow":["GET"]}}],"collection":[{"href":"https:\/\/thanhmochn.vn\/index.php?rest_route=\/wp\/v2\/product"}],"about":[{"href":"https:\/\/thanhmochn.vn\/index.php?rest_route=\/wp\/v2\/types\/product"}],"replies":[{"embeddable":true,"href":"https:\/\/thanhmochn.vn\/index.php?rest_route=%2Fwp%2Fv2%2Fcomments&post=2325"}],"wp:featuredmedia":[{"embeddable":true,"href":"https:\/\/thanhmochn.vn\/index.php?rest_route=\/wp\/v2\/media\/2391"}],"wp:attachment":[{"href":"https:\/\/thanhmochn.vn\/index.php?rest_route=%2Fwp%2Fv2%2Fmedia&parent=2325"}],"wp:term":[{"taxonomy":"product_brand","embeddable":true,"href":"https:\/\/thanhmochn.vn\/index.php?rest_route=%2Fwp%2Fv2%2Fproduct_brand&post=2325"},{"taxonomy":"product_cat","embeddable":true,"href":"https:\/\/thanhmochn.vn\/index.php?rest_route=%2Fwp%2Fv2%2Fproduct_cat&post=2325"},{"taxonomy":"product_tag","embeddable":true,"href":"https:\/\/thanhmochn.vn\/index.php?rest_route=%2Fwp%2Fv2%2Fproduct_tag&post=2325"}],"curies":[{"name":"wp","href":"https:\/\/api.w.org\/{rel}","templated":true}]}}