{"id":1817,"date":"2025-10-29T19:27:46","date_gmt":"2025-10-29T12:27:46","guid":{"rendered":"https:\/\/thanhmochn.vn\/?p=1817"},"modified":"2025-11-01T07:20:10","modified_gmt":"2025-11-01T00:20:10","slug":"may-tien-mini-wm210v-800mm","status":"publish","type":"product","link":"https:\/\/thanhmochn.vn\/?product=may-tien-mini-wm210v-800mm","title":{"rendered":"M\u00e1y Ti\u1ec7n Mini WM210V \u2013 800MM"},"content":{"rendered":"<h2 data-start=\"205\" data-end=\"307\">\u2699\ufe0f <strong>M\u00e1y<\/strong> <strong data-start=\"211\" data-end=\"307\">Ti\u1ec7n Mini WM210V \u2013 800MM | GIA C\u00d4NG CH\u00cdNH X\u00c1C, \u0110\u1ed8NG C\u01a0 KH\u00d4NG CH\u1ed4I THAN, B\u1ec0N B\u1ec8 &amp; \u0110A N\u0102NG<\/strong><\/h2>\n<h3 data-start=\"309\" data-end=\"337\">\u2733\ufe0f <strong data-start=\"316\" data-end=\"337\">T\u00f3m t\u1eaft \u0111\u1ea7u trang<\/strong><\/h3>\n<p data-start=\"338\" data-end=\"654\"><strong data-start=\"338\" data-end=\"370\">M\u00e1y ti\u1ec7n mini WM210V \u2013 800mm<\/strong> l\u00e0 d\u00f2ng m\u00e1y gia c\u00f4ng ch\u00ednh x\u00e1c \u0111\u01b0\u1ee3c <strong data-start=\"407\" data-end=\"450\">x\u01b0\u1edfng c\u01a1 kh\u00ed, k\u1ef9 s\u01b0 v\u00e0 ng\u01b0\u1eddi \u0111am m\u00ea DIY<\/strong> tin d\u00f9ng.<br data-start=\"460\" data-end=\"463\" \/>V\u1edbi <strong data-start=\"467\" data-end=\"501\">k\u1ebft c\u1ea5u b\u0103ng m\u00e1y d\u00e0y, \u0111\u1ea7m ch\u1eafc<\/strong>, tr\u1ee5c ch\u00ednh \u1ed5n \u0111\u1ecbnh v\u00e0 <strong data-start=\"525\" data-end=\"567\">\u0111\u1ed9ng c\u01a1 kh\u00f4ng ch\u1ed5i than c\u00f4ng su\u1ea5t 850W<\/strong>, WM210V \u0111\u00e1p \u1ee9ng t\u1ed1t <strong data-start=\"588\" data-end=\"654\">c\u1ea3 nhu c\u1ea7u h\u1ecdc t\u1eadp, nghi\u00ean c\u1ee9u v\u00e0 s\u1ea3n xu\u1ea5t th\u1ef1c t\u1ebf quy m\u00f4 nh\u1ecf.<\/strong><\/p>\n<p data-start=\"656\" data-end=\"783\">\u27a1\ufe0f <strong data-start=\"659\" data-end=\"685\">Kho\u1ea3ng ch\u1ed1ng t\u00e2m 800mm<\/strong> gi\u00fap m\u00e1y d\u1ec5 d\u00e0ng <strong data-start=\"703\" data-end=\"724\">gia c\u00f4ng ph\u00f4i d\u00e0i<\/strong>, ti\u1ec7n tr\u01a1n, ti\u1ec7n ren, khoan, taro v\u00e0 nhi\u1ec1u c\u00f4ng \u0111o\u1ea1n kh\u00e1c.<\/p>\n<hr data-start=\"785\" data-end=\"788\" \/>\n<h2 data-start=\"790\" data-end=\"817\">\ud83d\udccf <strong data-start=\"796\" data-end=\"817\">TH\u00d4NG S\u1ed0 K\u1ef8 THU\u1eacT<\/strong><\/h2>\n<div class=\"_tableContainer_1rjym_1\">\n<div class=\"group _tableWrapper_1rjym_13 flex w-fit flex-col-reverse\" tabindex=\"-1\">\n<table class=\"w-fit min-w-(--thread-content-width)\" data-start=\"819\" data-end=\"1655\">\n<thead data-start=\"819\" data-end=\"850\">\n<tr data-start=\"819\" data-end=\"850\">\n<th data-start=\"819\" data-end=\"834\" data-col-size=\"sm\"><strong data-start=\"821\" data-end=\"833\">Th\u00f4ng s\u1ed1<\/strong><\/th>\n<th data-start=\"834\" data-end=\"850\" data-col-size=\"md\"><strong data-start=\"836\" data-end=\"848\">Chi ti\u1ebft<\/strong><\/th>\n<\/tr>\n<\/thead>\n<tbody data-start=\"884\" data-end=\"1655\">\n<tr data-start=\"884\" data-end=\"906\">\n<td data-start=\"884\" data-end=\"896\" data-col-size=\"sm\"><strong data-start=\"886\" data-end=\"895\">Model<\/strong><\/td>\n<td data-col-size=\"md\" data-start=\"896\" data-end=\"906\">WM210V<\/td>\n<\/tr>\n<tr data-start=\"907\" data-end=\"943\">\n<td data-start=\"907\" data-end=\"933\" data-col-size=\"sm\"><strong data-start=\"909\" data-end=\"932\">\u0110\u01b0\u1eddng k\u00ednh qua b\u0103ng<\/strong><\/td>\n<td data-col-size=\"md\" data-start=\"933\" data-end=\"943\">210 mm<\/td>\n<\/tr>\n<tr data-start=\"944\" data-end=\"977\">\n<td data-start=\"944\" data-end=\"967\" data-col-size=\"sm\"><strong data-start=\"946\" data-end=\"966\">Kho\u1ea3ng ch\u1ed1ng t\u00e2m<\/strong><\/td>\n<td data-col-size=\"md\" data-start=\"967\" data-end=\"977\">800 mm<\/td>\n<\/tr>\n<tr data-start=\"978\" data-end=\"1006\">\n<td data-start=\"978\" data-end=\"999\" data-col-size=\"sm\"><strong data-start=\"980\" data-end=\"998\">C\u00f4n tr\u1ee5c ch\u00ednh<\/strong><\/td>\n<td data-col-size=\"md\" data-start=\"999\" data-end=\"1006\">MT5<\/td>\n<\/tr>\n<tr data-start=\"1007\" data-end=\"1036\">\n<td data-start=\"1007\" data-end=\"1029\" data-col-size=\"sm\"><strong data-start=\"1009\" data-end=\"1028\">C\u00f4n n\u00f2ng \u1ee5 \u0111\u1ed9ng<\/strong><\/td>\n<td data-col-size=\"md\" data-start=\"1029\" data-end=\"1036\">MT2<\/td>\n<\/tr>\n<tr data-start=\"1037\" data-end=\"1077\">\n<td data-start=\"1037\" data-end=\"1068\" data-col-size=\"sm\"><strong data-start=\"1039\" data-end=\"1067\">\u0110\u01b0\u1eddng k\u00ednh l\u1ed7 tr\u1ee5c ch\u00ednh<\/strong><\/td>\n<td data-col-size=\"md\" data-start=\"1068\" data-end=\"1077\">38 mm<\/td>\n<\/tr>\n<tr data-start=\"1078\" data-end=\"1113\">\n<td data-start=\"1078\" data-end=\"1103\" data-col-size=\"sm\"><strong data-start=\"1080\" data-end=\"1102\">\u0110\u01b0\u1eddng k\u00ednh m\u00e2m c\u1eb7p<\/strong><\/td>\n<td data-col-size=\"md\" data-start=\"1103\" data-end=\"1113\">125 mm<\/td>\n<\/tr>\n<tr data-start=\"1114\" data-end=\"1195\">\n<td data-start=\"1114\" data-end=\"1146\" data-col-size=\"sm\"><strong data-start=\"1116\" data-end=\"1145\">Ph\u1ea1m vi ti\u1ec7n ren (h\u1ec7 M\u00e9t)<\/strong><\/td>\n<td data-col-size=\"md\" data-start=\"1146\" data-end=\"1195\">0.5 \u2013 3.0 mm (\u0111i\u1ec1u ch\u1ec9nh nh\u00f4ng theo b\u1ea3ng ren)<\/td>\n<\/tr>\n<tr data-start=\"1196\" data-end=\"1229\">\n<td data-start=\"1196\" data-end=\"1220\" data-col-size=\"sm\"><strong data-start=\"1198\" data-end=\"1219\">Chi\u1ec1u d\u00e0i b\u00e0n c\u00f4n<\/strong><\/td>\n<td data-col-size=\"md\" data-start=\"1220\" data-end=\"1229\">80 mm<\/td>\n<\/tr>\n<tr data-start=\"1230\" data-end=\"1275\">\n<td data-start=\"1230\" data-end=\"1260\" data-col-size=\"sm\"><strong data-start=\"1232\" data-end=\"1259\">\u0110\u1ed9 ch\u00ednh x\u00e1c tr\u1ee5c ch\u00ednh<\/strong><\/td>\n<td data-col-size=\"md\" data-start=\"1260\" data-end=\"1275\">0 \u2013 0.01 mm<\/td>\n<\/tr>\n<tr data-start=\"1276\" data-end=\"1329\">\n<td data-start=\"1276\" data-end=\"1300\" data-col-size=\"sm\"><strong data-start=\"1278\" data-end=\"1299\">T\u1ed1c \u0111\u1ed9 tr\u1ee5c ch\u00ednh<\/strong><\/td>\n<td data-col-size=\"md\" data-start=\"1300\" data-end=\"1329\">50 \u2013 2500 v\u00f2ng\/ph\u00fat (RPM)<\/td>\n<\/tr>\n<tr data-start=\"1330\" data-end=\"1402\">\n<td data-start=\"1330\" data-end=\"1354\" data-col-size=\"sm\"><strong data-start=\"1332\" data-end=\"1353\">C\u00f4ng su\u1ea5t \u0111\u1ed9ng c\u01a1<\/strong><\/td>\n<td data-col-size=\"md\" data-start=\"1354\" data-end=\"1402\">850W \u2013 220V (Kh\u00f4ng ch\u1ed5i than, d\u00e2y \u0111\u1ed3ng 100%)<\/td>\n<\/tr>\n<tr data-start=\"1403\" data-end=\"1455\">\n<td data-start=\"1403\" data-end=\"1438\" data-col-size=\"sm\"><strong data-start=\"1405\" data-end=\"1437\">Tr\u1ecdng l\u01b0\u1ee3ng m\u00e1y \/ \u0111\u00f3ng th\u00f9ng<\/strong><\/td>\n<td data-col-size=\"md\" data-start=\"1438\" data-end=\"1455\">80 kg \/ 98 kg<\/td>\n<\/tr>\n<tr data-start=\"1456\" data-end=\"1517\">\n<td data-start=\"1456\" data-end=\"1494\" data-col-size=\"sm\"><strong data-start=\"1458\" data-end=\"1493\">K\u00edch th\u01b0\u1edbc t\u1ed5ng th\u1ec3 (D x R x C)<\/strong><\/td>\n<td data-col-size=\"md\" data-start=\"1494\" data-end=\"1517\">1240 x 390 x 370 mm<\/td>\n<\/tr>\n<tr data-start=\"1518\" data-end=\"1576\">\n<td data-start=\"1518\" data-end=\"1533\" data-col-size=\"sm\"><strong data-start=\"1520\" data-end=\"1532\">B\u1ea3o h\u00e0nh<\/strong><\/td>\n<td data-col-size=\"md\" data-start=\"1533\" data-end=\"1576\">12 th\u00e1ng \u2013 <strong data-start=\"1546\" data-end=\"1574\">H\u1ed7 tr\u1ee3 k\u1ef9 thu\u1eadt tr\u1ecdn \u0111\u1eddi<\/strong><\/td>\n<\/tr>\n<tr data-start=\"1577\" data-end=\"1655\">\n<td data-start=\"1577\" data-end=\"1591\" data-col-size=\"sm\"><strong data-start=\"1579\" data-end=\"1590\">Gi\u00e1 b\u00e1n<\/strong><\/td>\n<td data-col-size=\"md\" data-start=\"1591\" data-end=\"1655\"><strong data-start=\"1593\" data-end=\"1611\">20.300.000 VN\u0110<\/strong> <em data-start=\"1612\" data-end=\"1653\">(ch\u01b0a bao g\u1ed3m VAT 8% v\u00e0 ph\u00ed v\u1eadn chuy\u1ec3n)<\/em><\/td>\n<\/tr>\n<\/tbody>\n<\/table>\n<\/div>\n<\/div>\n<hr data-start=\"1657\" data-end=\"1660\" \/>\n<h2 data-start=\"1662\" data-end=\"1687\">\ud83e\uddf0 <strong data-start=\"1668\" data-end=\"1687\">PH\u1ee4 KI\u1ec6N \u0110I K\u00c8M<\/strong><\/h2>\n<ul data-start=\"1689\" data-end=\"2086\">\n<li data-start=\"1689\" data-end=\"1709\">\n<p data-start=\"1691\" data-end=\"1709\">Tu quay, tu ch\u1ebft<\/p>\n<\/li>\n<li data-start=\"1710\" data-end=\"1731\">\n<p data-start=\"1712\" data-end=\"1731\">\u0110\u1ea7u k\u1eb9p m\u0169i khoan<\/p>\n<\/li>\n<li data-start=\"1732\" data-end=\"1792\">\n<p data-start=\"1734\" data-end=\"1792\">B\u1ed9 dao ti\u1ec7n 7 chi\u1ebfc (12mm): ti\u1ec7n tr\u01a1n, ren, c\u1eaft, m\u00f3c l\u1ed7\u2026<\/p>\n<\/li>\n<li data-start=\"1793\" data-end=\"1829\">\n<p data-start=\"1795\" data-end=\"1829\">C\u00e1n ti\u1ec7n 12x12mm l\u1eafp m\u0169i D11\/V11<\/p>\n<\/li>\n<li data-start=\"1830\" data-end=\"1873\">\n<p data-start=\"1832\" data-end=\"1873\">B\u1ed9 dao 11 chi\u1ebfc c\u00e1n 10mm (m\u00e0i l\u1ea1i \u0111\u01b0\u1ee3c)<\/p>\n<\/li>\n<li data-start=\"1874\" data-end=\"1902\">\n<p data-start=\"1876\" data-end=\"1902\">B\u1ed9 nh\u00f4ng ti\u1ec7n ren h\u1ec7 m\u00e9t<\/p>\n<\/li>\n<li data-start=\"1903\" data-end=\"1958\">\n<p data-start=\"1905\" data-end=\"1958\">M\u00e2m c\u1eb7p h\u00e3ng <strong data-start=\"1918\" data-end=\"1931\">ZHONGHUAN<\/strong>, ch\u1ea5u tr\u00e1i + kh\u00f3a m\u1edf m\u00e2m<\/p>\n<\/li>\n<li data-start=\"1959\" data-end=\"1981\">\n<p data-start=\"1961\" data-end=\"1981\">\u0110\u00e8n LED chi\u1ebfu s\u00e1ng<\/p>\n<\/li>\n<li data-start=\"1982\" data-end=\"2036\">\n<p data-start=\"1984\" data-end=\"2036\">C\u1edd l\u00ea, tua v\u00edt, l\u1ee5c gi\u00e1c, l\u1ecd tra d\u1ea7u, mi\u1ebfng k\u00ea dao<\/p>\n<\/li>\n<li data-start=\"2037\" data-end=\"2057\">\n<p data-start=\"2039\" data-end=\"2057\">T\u1ea5m b\u01b0ng \u0111\u00e1y m\u00e1y<\/p>\n<\/li>\n<li data-start=\"2058\" data-end=\"2086\">\n<p data-start=\"2060\" data-end=\"2086\">S\u00e1ch h\u01b0\u1edbng d\u1eabn &amp; catalog<\/p>\n<\/li>\n<\/ul>\n<hr data-start=\"2088\" data-end=\"2091\" \/>\n<h2 data-start=\"2093\" data-end=\"2118\">\ud83c\udf1f <strong data-start=\"2099\" data-end=\"2118\">\u01afU \u0110I\u1ec2M N\u1ed4I B\u1eacT<\/strong><\/h2>\n<ul data-start=\"2120\" data-end=\"2716\">\n<li data-start=\"2120\" data-end=\"2229\">\n<p data-start=\"2122\" data-end=\"2229\">\ud83c\udfaf <strong data-start=\"2125\" data-end=\"2146\">\u0110\u1ed9 ch\u00ednh x\u00e1c cao:<\/strong> Gia c\u00f4ng tr\u1ee5c ch\u00ednh chu\u1ea9n x\u00e1c, sai s\u1ed1 ch\u1ec9 <strong data-start=\"2189\" data-end=\"2199\">0.01mm<\/strong>, ph\u00f9 h\u1ee3p chi ti\u1ebft tinh x\u1ea3o.<\/p>\n<\/li>\n<li data-start=\"2230\" data-end=\"2330\">\n<p data-start=\"2232\" data-end=\"2330\">\ud83e\uddf1 <strong data-start=\"2235\" data-end=\"2256\">K\u1ebft c\u1ea5u \u0111\u1ea7m ch\u1eafc:<\/strong> B\u0103ng m\u00e1y d\u00e0y, th\u00e2n th\u00e9p n\u1eb7ng gi\u00fap <strong data-start=\"2291\" data-end=\"2328\">gi\u1ea3m rung \u2013 t\u0103ng \u1ed5n \u0111\u1ecbnh khi c\u1eaft.<\/strong><\/p>\n<\/li>\n<li data-start=\"2331\" data-end=\"2431\">\n<p data-start=\"2333\" data-end=\"2431\">\u2699\ufe0f <strong data-start=\"2336\" data-end=\"2364\">\u0110\u1ed9ng c\u01a1 kh\u00f4ng ch\u1ed5i than:<\/strong> V\u1eadn h\u00e0nh \u00eam, <strong data-start=\"2378\" data-end=\"2429\">tu\u1ed5i th\u1ecd cao, kh\u00f4ng c\u1ea7n b\u1ea3o tr\u00ec thay ch\u1ed5i than.<\/strong><\/p>\n<\/li>\n<li data-start=\"2432\" data-end=\"2521\">\n<p data-start=\"2434\" data-end=\"2521\">\ud83e\uddf0 <strong data-start=\"2437\" data-end=\"2449\">\u0110a n\u0103ng:<\/strong> D\u1ec5 d\u00e0ng <strong data-start=\"2458\" data-end=\"2519\">ti\u1ec7n tr\u01a1n, ti\u1ec7n ren, khoan, taro, ti\u1ec7n b\u1eadc, ti\u1ec7n m\u1eb7t \u0111\u1ea7u.<\/strong><\/p>\n<\/li>\n<li data-start=\"2522\" data-end=\"2624\">\n<p data-start=\"2524\" data-end=\"2624\">\ud83d\udca1 <strong data-start=\"2527\" data-end=\"2547\">\u0110\u1ea7y \u0111\u1ee7 ph\u1ee5 ki\u1ec7n:<\/strong> Giao m\u00e1y <strong data-start=\"2557\" data-end=\"2574\">\u201cPlug &amp; Play\u201d<\/strong>, d\u00f9ng ngay kh\u00f4ng c\u1ea7n mua th\u00eam linh ki\u1ec7n c\u01a1 b\u1ea3n.<\/p>\n<\/li>\n<li data-start=\"2625\" data-end=\"2716\">\n<p data-start=\"2627\" data-end=\"2716\">\ud83d\udcaa <strong data-start=\"2630\" data-end=\"2656\">Ti\u1ebft ki\u1ec7m v\u00e0 hi\u1ec7u qu\u1ea3:<\/strong> Gi\u00e1 h\u1ee3p l\u00fd, <strong data-start=\"2669\" data-end=\"2716\">hi\u1ec7u n\u0103ng cao \u2013 v\u1eadn h\u00e0nh \u1ed5n \u0111\u1ecbnh nhi\u1ec1u n\u0103m.<\/strong><\/p>\n<\/li>\n<\/ul>\n<hr data-start=\"2718\" data-end=\"2721\" \/>\n<h2 data-start=\"2723\" data-end=\"2749\">\u2699\ufe0f <strong data-start=\"2729\" data-end=\"2749\">\u1ee8NG D\u1ee4NG TH\u1ef0C T\u1ebe<\/strong><\/h2>\n<p data-start=\"2751\" data-end=\"2803\">M\u00e1y ti\u1ec7n <strong data-start=\"2760\" data-end=\"2778\">WM210V \u2013 800mm<\/strong> ph\u00f9 h\u1ee3p s\u1eed d\u1ee5ng trong:<\/p>\n<ul data-start=\"2804\" data-end=\"3197\">\n<li data-start=\"2804\" data-end=\"2853\">\n<p data-start=\"2806\" data-end=\"2853\">\ud83c\udfed <strong data-start=\"2809\" data-end=\"2851\">X\u01b0\u1edfng c\u01a1 kh\u00ed nh\u1ecf, h\u1ed9 gia c\u00f4ng c\u00e1 nh\u00e2n.<\/strong><\/p>\n<\/li>\n<li data-start=\"2854\" data-end=\"2910\">\n<p data-start=\"2856\" data-end=\"2910\">\ud83e\uddd1\u200d\ud83c\udfeb <strong data-start=\"2862\" data-end=\"2908\">Tr\u01b0\u1eddng h\u1ecdc, trung t\u00e2m \u0111\u00e0o t\u1ea1o ngh\u1ec1 c\u01a1 kh\u00ed.<\/strong><\/p>\n<\/li>\n<li data-start=\"2911\" data-end=\"2973\">\n<p data-start=\"2913\" data-end=\"2973\">\ud83e\uddf0 <strong data-start=\"2916\" data-end=\"2971\">DIY \u2013 ph\u1ee5c ch\u1ebf, ch\u1ebf t\u00e1c m\u00f4 h\u00ecnh, linh ki\u1ec7n m\u00e1y m\u00f3c.<\/strong><\/p>\n<\/li>\n<li data-start=\"2974\" data-end=\"3035\">\n<p data-start=\"2976\" data-end=\"3035\">\ud83d\udd29 <strong data-start=\"2979\" data-end=\"3001\">Gia c\u00f4ng kim lo\u1ea1i:<\/strong> \u0111\u1ed3ng, nh\u00f4m, inox nh\u1eb9, th\u00e9p m\u1ec1m\u2026<\/p>\n<\/li>\n<li data-start=\"3036\" data-end=\"3118\">\n<p data-start=\"3038\" data-end=\"3118\">\ud83c\udfaf <strong data-start=\"3041\" data-end=\"3058\">C\u00e1c thao t\u00e1c:<\/strong> ti\u1ec7n ren, ti\u1ec7n tr\u01a1n, ti\u1ec7n b\u1eadc, khoan t\u00e2m, taro, c\u1eaft, doa.<\/p>\n<\/li>\n<li data-start=\"3119\" data-end=\"3197\">\n<p data-start=\"3121\" data-end=\"3197\">\ud83c\udfb7 <strong data-start=\"3124\" data-end=\"3146\">\u1ee8ng d\u1ee5ng \u0111\u1eb7c bi\u1ec7t:<\/strong> ti\u1ec7n s\u00e1o tr\u00fac, ph\u1ee5 ki\u1ec7n bi-a, tr\u1ee5c m\u00f4 h\u00ecnh c\u01a1 kh\u00ed.<\/p>\n<\/li>\n<\/ul>\n<hr data-start=\"3199\" data-end=\"3202\" \/>\n<h2 data-start=\"3204\" data-end=\"3231\">\ud83e\udd1d <strong data-start=\"3210\" data-end=\"3231\">CH\u00cdNH S\u00c1CH H\u1ed6 TR\u1ee2<\/strong><\/h2>\n<ul data-start=\"3233\" data-end=\"3460\">\n<li data-start=\"3233\" data-end=\"3274\">\n<p data-start=\"3235\" data-end=\"3274\">\ud83d\ude9a <strong data-start=\"3238\" data-end=\"3272\">Mi\u1ec5n ph\u00ed giao h\u00e0ng t\u1ea1i H\u00e0 N\u1ed9i.<\/strong><\/p>\n<\/li>\n<li data-start=\"3275\" data-end=\"3332\">\n<p data-start=\"3277\" data-end=\"3332\">\ud83e\udded <strong data-start=\"3280\" data-end=\"3330\">H\u1ed7 tr\u1ee3 l\u1eafp \u0111\u1eb7t v\u00e0 h\u01b0\u1edbng d\u1eabn v\u1eadn h\u00e0nh chi ti\u1ebft.<\/strong><\/p>\n<\/li>\n<li data-start=\"3333\" data-end=\"3400\">\n<p data-start=\"3335\" data-end=\"3400\">\ud83d\udee0\ufe0f <strong data-start=\"3339\" data-end=\"3398\">B\u1ea3o h\u00e0nh 1 n\u0103m, h\u1ed7 tr\u1ee3 thay th\u1ebf linh ki\u1ec7n tr\u1ecdn \u0111\u1eddi m\u00e1y.<\/strong><\/p>\n<\/li>\n<li data-start=\"3401\" data-end=\"3460\">\n<p data-start=\"3403\" data-end=\"3460\">\ud83d\udce6 <strong data-start=\"3406\" data-end=\"3460\">\u0110\u00f3ng g\u00f3i ti\u00eau chu\u1ea9n, v\u1eadn chuy\u1ec3n to\u00e0n qu\u1ed1c an to\u00e0n.<\/strong><\/p>\n<\/li>\n<\/ul>\n<hr data-start=\"3462\" data-end=\"3465\" \/>\n<p data-start=\"3467\" data-end=\"3700\"><strong data-start=\"3467\" data-end=\"3496\">TH\u00c0NH M\u1ed8C HN \u2013 0865551688<\/strong><br data-start=\"3496\" data-end=\"3499\" \/>Chuy\u00ean cung c\u1ea5p <strong data-start=\"3515\" data-end=\"3566\">M\u00e1y ti\u1ec7n \u2013 M\u00e1y phay \u2013 Ph\u1ee5 ki\u1ec7n c\u01a1 kh\u00ed ch\u00ednh x\u00e1c<\/strong>, bao g\u1ed3m:<br data-start=\"3576\" data-end=\"3579\" \/>\ud83d\udc49 M\u00e2m c\u1eb7p SANOU, \u1ee5 \u0111\u1ed9ng, luynet, \u0111\u1ea7u k\u1eb9p m\u0169i khoan, collet, dao ti\u1ec7n, nh\u00f4ng ren, \u0111\u00e8n LED, ph\u1ee5 ki\u1ec7n m\u00e1y ti\u1ec7n mini, v.v.<\/p>\n<p data-start=\"3702\" data-end=\"3755\"><strong data-start=\"3702\" data-end=\"3755\">UY T\u00cdN \u2013 CH\u1ea4T L\u01af\u1ee2NG S\u1ea2N PH\u1ea8M T\u1ea0O N\u00caN TH\u01af\u01a0NG HI\u1ec6U!<\/strong><\/p>\n","protected":false},"excerpt":{"rendered":"<h3 data-start=\"309\" data-end=\"337\">\u2733\ufe0f <strong>M\u00f4 T\u1ea3 S\u1ea3n Ph\u1ea9m<\/strong><\/h3>\n<p data-start=\"338\" data-end=\"654\"><strong data-start=\"338\" data-end=\"370\">M\u00e1y ti\u1ec7n mini WM210V \u2013 800mm<\/strong> l\u00e0 d\u00f2ng m\u00e1y gia c\u00f4ng ch\u00ednh x\u00e1c \u0111\u01b0\u1ee3c <strong data-start=\"407\" data-end=\"450\">x\u01b0\u1edfng c\u01a1 kh\u00ed, k\u1ef9 s\u01b0 v\u00e0 ng\u01b0\u1eddi \u0111am m\u00ea DIY<\/strong> tin d\u00f9ng.<br data-start=\"460\" data-end=\"463\" \/>V\u1edbi <strong data-start=\"467\" data-end=\"501\">k\u1ebft c\u1ea5u b\u0103ng m\u00e1y d\u00e0y, \u0111\u1ea7m ch\u1eafc<\/strong>, tr\u1ee5c ch\u00ednh \u1ed5n \u0111\u1ecbnh v\u00e0 <strong data-start=\"525\" data-end=\"567\">\u0111\u1ed9ng c\u01a1 kh\u00f4ng ch\u1ed5i than c\u00f4ng su\u1ea5t 850W<\/strong>, WM210V \u0111\u00e1p \u1ee9ng t\u1ed1t <strong data-start=\"588\" data-end=\"654\">c\u1ea3 nhu c\u1ea7u h\u1ecdc t\u1eadp, nghi\u00ean c\u1ee9u v\u00e0 s\u1ea3n xu\u1ea5t th\u1ef1c t\u1ebf quy m\u00f4 nh\u1ecf.<\/strong><\/p>\n<p data-start=\"656\" data-end=\"783\">\u27a1\ufe0f <strong data-start=\"659\" data-end=\"685\">Kho\u1ea3ng ch\u1ed1ng t\u00e2m 800mm<\/strong> gi\u00fap m\u00e1y d\u1ec5 d\u00e0ng <strong data-start=\"703\" data-end=\"724\">gia c\u00f4ng ph\u00f4i d\u00e0i<\/strong>, ti\u1ec7n tr\u01a1n, ti\u1ec7n ren, khoan, taro v\u00e0 nhi\u1ec1u c\u00f4ng \u0111o\u1ea1n kh\u00e1c.<\/p>\n","protected":false},"featured_media":1979,"comment_status":"closed","ping_status":"closed","template":"","meta":{"_acf_changed":false},"product_brand":[],"product_cat":[68],"product_tag":[],"class_list":{"0":"post-1817","1":"product","2":"type-product","3":"status-publish","4":"has-post-thumbnail","6":"product_cat-may-tien-kim-loai","8":"first","9":"instock","10":"shipping-taxable","11":"purchasable","12":"product-type-simple"},"acf":[],"_links":{"self":[{"href":"https:\/\/thanhmochn.vn\/index.php?rest_route=\/wp\/v2\/product\/1817","targetHints":{"allow":["GET"]}}],"collection":[{"href":"https:\/\/thanhmochn.vn\/index.php?rest_route=\/wp\/v2\/product"}],"about":[{"href":"https:\/\/thanhmochn.vn\/index.php?rest_route=\/wp\/v2\/types\/product"}],"replies":[{"embeddable":true,"href":"https:\/\/thanhmochn.vn\/index.php?rest_route=%2Fwp%2Fv2%2Fcomments&post=1817"}],"wp:featuredmedia":[{"embeddable":true,"href":"https:\/\/thanhmochn.vn\/index.php?rest_route=\/wp\/v2\/media\/1979"}],"wp:attachment":[{"href":"https:\/\/thanhmochn.vn\/index.php?rest_route=%2Fwp%2Fv2%2Fmedia&parent=1817"}],"wp:term":[{"taxonomy":"product_brand","embeddable":true,"href":"https:\/\/thanhmochn.vn\/index.php?rest_route=%2Fwp%2Fv2%2Fproduct_brand&post=1817"},{"taxonomy":"product_cat","embeddable":true,"href":"https:\/\/thanhmochn.vn\/index.php?rest_route=%2Fwp%2Fv2%2Fproduct_cat&post=1817"},{"taxonomy":"product_tag","embeddable":true,"href":"https:\/\/thanhmochn.vn\/index.php?rest_route=%2Fwp%2Fv2%2Fproduct_tag&post=1817"}],"curies":[{"name":"wp","href":"https:\/\/api.w.org\/{rel}","templated":true}]}}