{"id":677,"date":"2019-07-30T17:28:22","date_gmt":"2019-07-30T10:28:22","guid":{"rendered":"https:\/\/thanhmochn.vn\/?p=677"},"modified":"2025-10-30T05:24:24","modified_gmt":"2025-10-29T22:24:24","slug":"gioi-thieu","status":"publish","type":"page","link":"https:\/\/thanhmochn.vn\/?page_id=677","title":{"rendered":"Gi\u1edbi thi\u1ec7u"},"content":{"rendered":"<div class=\"heading-pageDetail\">\r\n<h1>Gi\u1edbi thi\u1ec7u<\/h1>\r\n<\/div>\r\n<div class=\"content-pageDetail typeList-style\">\r\n<p>B\u1ea1n l\u00e0 x\u01b0\u1edfng m\u1ed9c \u2013 x\u01b0\u1edfng c\u01a1 kh\u00ed chuy\u00ean gia c\u00f4ng c\u00e1c s\u1ea3n ph\u1ea9m t\u1eeb g\u1ed7, s\u1eaft th\u1eadt nhanh, \u0111\u1eb9p ch\u00ednh x\u00e1c v\u1edbi hi\u1ec7u qu\u1ea3 s\u1ea3n xu\u1ea5t cao.<\/p>\r\n<p>B\u1ea1n mu\u1ed1n t\u1ef1 m\u00ecnh tr\u1ea3i nghi\u1ec7m t\u1ef1 thi\u1ebft k\u1ebf, ra c\u00e1c s\u1ea3n ph\u1ea9m n\u1ed9i th\u1ea5t, mang phong c\u00e1ch g\u1ed7, s\u1eaft hay \u0111\u01a1n gi\u1ea3n l\u00e0 s\u1eeda ch\u1eefa c\u00e1c v\u1eadt d\u1ee5ng trong gia \u0111\u00ecnh.<\/p>\r\n<p>T\u1ea1i TH\u00c0NH M\u1ed8C HN &#8211; ch\u00fang t\u00f4i lu\u00f4n mang \u0111\u1ebfn cho KH\u00c1CH H\u00c0NG nh\u1eefng c\u00f4ng c\u1ee5, d\u1ee5ng c\u1ee5, v\u1eadt t\u01b0, ph\u1ee5 ki\u1ec7n m\u1edbi trong thi c\u00f4ng ng\u00e0nh m\u1ed9c \u2013 c\u01a1 kh\u00ed.<\/p>\r\n<p>Ch\u00fang t\u00f4i c\u00f3 1 \u0111\u1ed9i ng\u0169 t\u1eeb thi\u1ebft k\u1ebf, ki\u1ebfn tr\u00fac s\u01b0, th\u1ee3 chuy\u00ean nghi\u1ec7p, x\u01b0\u1edfng \u0111\u1ed1i t\u00e1c \u0111\u1ec3 tr\u1ea3i nghi\u1ec7m v\u00e0 \u0111\u01b0a c\u00e1c s\u1ea3n ph\u1ea9m d\u1ee5ng c\u1ee5 h\u1ed7 tr\u1ee3 \u00a0t\u1edbi th\u1ecb tr\u01b0\u1eddng.<\/p>\r\n<p>M\u1ee5c ti\u00eau c\u1ee7a ch\u00fang t\u00f4i l\u00e0 n\u00e2ng t\u1ea7m ng\u01b0\u1eddi th\u1ee3 Vi\u1ec7t Nam v\u1edbi ph\u01b0\u01a1ng ch\u00e2m \u0110\u1ed2 TH\u1ee2 &#8211; GI\u00c1 TH\u1ee2 , TH\u00c0NH M\u1ed8C \u0111\u00e3 v\u00e0 \u0111ang l\u00e0 s\u1ef1 l\u1ef1a ch\u1ecdn cho c\u00e1c Kh\u00e1ch h\u00e0ng tr\u00ean to\u00e0n qu\u1ed1c.<\/p>\r\n<p>V\u1edbi ch\u00ednh s\u00e1ch b\u00e1n h\u00e0ng linh ho\u1ea1t, nhi\u1ec1u c\u1ed5ng thanh to\u00e1n \u0111\u01b0\u1ee3c k\u1ebft n\u1ed1i, ch\u00ednh s\u00e1ch h\u1ed7 tr\u1ee3 kh\u00e1ch h\u00e0ng t\u1ed1i \u0111a trong vi\u1ec7c tr\u1ea3i nghi\u1ec7m v\u00e0 \u0111\u1ed5i tr\u1ea3 s\u1ea3n ph\u1ea9m, ch\u00fang t\u00f4i hy v\u1ecdng ng\u00e0y c\u00e0ng \u0111\u01b0\u1ee3c qu\u00fd Kh\u00e1ch h\u00e0ng g\u1ea7n xa tin t\u01b0\u1edfng v\u00e0 h\u1ee3p t\u00e1c.<\/p>\r\n<p>Tr\u00e2n tr\u1ecdng c\u1ea3m \u01a1n!<\/p>\r\n<\/div>\r\n<p>\u00a0<\/p>","protected":false},"excerpt":{"rendered":"","protected":false},"author":1,"featured_media":0,"parent":0,"menu_order":0,"comment_status":"closed","ping_status":"closed","template":"","meta":{"_acf_changed":false,"footnotes":""},"class_list":["post-677","page","type-page","status-publish","hentry"],"acf":[],"_links":{"self":[{"href":"https:\/\/thanhmochn.vn\/index.php?rest_route=\/wp\/v2\/pages\/677","targetHints":{"allow":["GET"]}}],"collection":[{"href":"https:\/\/thanhmochn.vn\/index.php?rest_route=\/wp\/v2\/pages"}],"about":[{"href":"https:\/\/thanhmochn.vn\/index.php?rest_route=\/wp\/v2\/types\/page"}],"author":[{"embeddable":true,"href":"https:\/\/thanhmochn.vn\/index.php?rest_route=\/wp\/v2\/users\/1"}],"replies":[{"embeddable":true,"href":"https:\/\/thanhmochn.vn\/index.php?rest_route=%2Fwp%2Fv2%2Fcomments&post=677"}],"version-history":[{"count":1,"href":"https:\/\/thanhmochn.vn\/index.php?rest_route=\/wp\/v2\/pages\/677\/revisions"}],"predecessor-version":[{"id":1892,"href":"https:\/\/thanhmochn.vn\/index.php?rest_route=\/wp\/v2\/pages\/677\/revisions\/1892"}],"wp:attachment":[{"href":"https:\/\/thanhmochn.vn\/index.php?rest_route=%2Fwp%2Fv2%2Fmedia&parent=677"}],"curies":[{"name":"wp","href":"https:\/\/api.w.org\/{rel}","templated":true}]}}